1111?
-1101
In base 6, what is 3 - 5431?
-5424
In base 12, what is -77 - -31?
-46
In base 5, what is 112 - 44?
13
In base 4, what is 102203 + 0?
102203
In base 9, what is -4 + -304?
-308
In base 11, what is -3 + -29?
-31
In base 13, what is 4 - 269?
-265
In base 3, what is 10 + 22110?
22120
In base 4, what is 32321 - 10?
32311
In base 13, what is 276 - -2?
278
In base 4, what is -10 + 1110?
1100
In base 4, what is 11 + -10310?
-10233
In base 7, what is 250 + 0?
250
In base 12, what is -79 - 3?
-80
In base 7, what is -13 - 653?
-666
In base 8, what is -2 - -653?
651
In base 15, what is 2 - 6b5?
-6b3
In base 15, what is -1e + 34?
15
In base 3, what is -10102 + 0?
-10102
In base 4, what is -3 + -201230?
-201233
In base 5, what is -324 + 1?
-323
In base 4, what is -1210 - -220?
-330
In base 11, what is 834 - -4?
838
In base 8, what is 314 + 64?
400
In base 15, what is -89d - -5?
-898
In base 9, what is -55 + 20?
-35
In base 11, what is 99 + 3?
a1
In base 3, what is 1200021 + 2?
1200100
In base 9, what is 2 + 22?
24
In base 16, what is 14e + -4?
14a
In base 6, what is 135 - -34?
213
In base 13, what is 25 - -7?
2c
In base 7, what is -40 - 26?
-66
In base 3, what is 11212 + 2022?
21011
In base 8, what is -2 - -20?
16
In base 3, what is 11 + -11001?
-10220
In base 3, what is 111 - 1?
110
In base 15, what is -33 + 1e?
-14
In base 5, what is 221 - -1043?
1314
In base 13, what is 7 - 41c?
-415
In base 14, what is -1 + -20?
-21
In base 4, what is -232101 - -11?
-232030
In base 14, what is -10d + c?
-101
In base 12, what is -9 + 11?
4
In base 6, what is -1 - 103?
-104
In base 15, what is -2 - 24a?
-24c
In base 12, what is 49 - 0?
49
In base 10, what is -8 + 1741?
1733
In base 12, what is -7 - 1?
-8
In base 14, what is -115 + 1a?
-d9
In base 8, what is -321 - 2?
-323
In base 5, what is -3 - -2414?
2411
In base 4, what is -10 - -13122?
13112
In base 2, what is 100010000 - 101?
100001011
In base 6, what is 24204 + -2?
24202
In base 11, what is -5a + -6?
-65
In base 6, what is -1 - 2?
-3
In base 15, what is -1da - 0?
-1da
In base 4, what is 12 - 13013?
-13001
In base 6, what is -2124 - 5?
-2133
In base 2, what is -1011011 - 11?
-1011110
In base 5, what is 113100 - -10?
113110
In base 7, what is 10254 + -1?
10253
In base 11, what is -2 + 55a?
558
In base 8, what is 2 + 10043?
10045
In base 10, what is -581 + -1?
-582
In base 9, what is -1125 + -2?
-1127
In base 13, what is -11 + 5a?
49
In base 5, what is 1024 - 13?
1011
In base 10, what is -8 - -24?
16
In base 6, what is -4 + 42143?
42135
In base 13, what is 5 - 574?
-56c
In base 8, what is 5 - 2?
3
In base 11, what is 332 + 2?
334
In base 2, what is -110100101 + 111?
-110011110
In base 16, what is 28 - -4?
2c
In base 14, what is 2 - 268a?
-2688
In base 6, what is 333 + 152?
525
In base 12, what is -6 + 2?
-4
In base 3, what is 1 - 111?
-110
In base 4, what is 1000 + -103?
231
In base 12, what is -137 - 0?
-137
In base 14, what is -2 + -61?
-63
In base 12, what is 32 + 3?
35
In base 15, what is 1c4 - 0?
1c4
In base 2, what is 1001 + 111000?
1000001
In base 3, what is 21 + -110?
-12
In base 2, what is -101 - 10?
-111
In base 2, what is -101 + -11111?
-100100
In base 10, what is -4 - -2860?
2856
In base 2, what is 100001100 - -1011001?
101100101
In base 2, what is 11 + -110101?
-110010
In base 16, what is 2 - -163b?
163d
In base 15, what is 9 - 23?
-19
In base 9, what is -4 - 45?
-50
In base 16, what is 5b - -5?
60
In base 2, what is -101110 - -1011?
-100011
In base 4, what is -30201 - 11?
-30212
In base 5, what is 110 + -33?
22
In base 12, what is 6a + -3?
67
In base 6, what is 2 + 114?
120
In base 6, what is 2 - -5?
11
In base 3, what is -2020 - -10?
-2010
In base 7, what is 224 + -30?
164
In base 5, what is -20 - 102?
-122
In base 8, what is 424 - 3?
421
In base 7, what is -1 - -41?
40
In base 14, what is -4d6 - 4?
-4da
In base 4, what is -333310 - -3?
-333301
In base 8, what is 106 - -15?
123
In base 4, what is 11 - 2231?
-2220
In base 9, what is -34 - 46?
-81
In base 15, what is 9 - -4?
d
In base 15, what is 16 - -15?
2b
In base 15, what is 6 + 39?
40
In base 2, what is 1011 - -11110?
101001
In base 14, what is -1968 - 3?
-196b
In base 9, what is 3 + 5144?
5147
In base 14, what is 51 - -23?
74
In base 5, what is 3412 + -3?
3404
In base 9, what is 3 + -127?
-124
In base 4, what is -20 - -123?
103
In base 6, what is 530 + -4?
522
In base 16, what is 2 + 1?
3
In base 12, what is 54b + -8?
543
In base 12, what is 1 - -44?
45
In base 13, what is -4 + -28?
-2c
In base 5, what is 2 + -13434?
-13432
In base 6, what is -3 + 3303?
3300
In base 8, what is -3046 + -2?
-3050
In base 11, what is 1 + 3a?
40
In base 8, what is 2 - -5?
7
In base 12, what is -5 + 4a5?
4a0
In base 15, what is -30 - 69?
-99
In base 16, what is 91 + -13?
7e
In base 6, what is -4 + -2102?
-2110
In base 2, what is 101000010 - 100?
100111110
In base 14, what is a6 + 5?
ab
In base 3, what is -1020010 - -10?
-1020000
In base 11, what is -6a + 11?
-59
In base 4, what is -3 + 2321?
2312
In base 4, what is 103 + -30?
13
In base 16, what is 38 + -f?
29
In base 3, what is -201 + -201?
-1102
In base 8, what is 44 + -17?
25
In base 7, what is 454 + -5?
446
In base 7, what is -122 + -3?
-125
In base 12, what is -4a + 26?
-24
In base 10, what is 5 + 1714?
1719
In base 4, what is 120 - 3010?
-2230
In base 13, what is -14 + 8?
-9
In base 2, what is 1010 - 1001010?
-1000000
In base 12, what is 6a + 3?
71
In base 11, what is a1 - a?
92
In base 16, what is -8f6 + 3?
-8f3
In base 6, what is -10404 - 0?
-10404
In base 10, what is 2283 - 3?
2280
In base 11, what is 8873 + -5?
8869
In base 16, what is 39e + 4?
3a2
In base 11, what is -243 - 5?
-248
In base 7, what is 40 - 213?
-143
In base 3, what is -20201 - 22?
-21000
In base 7, what is -24610 - 3?
-24613
In base 5, what is 13141 + -4?
13132
In base 7, what is -16202 + -3?
-16205
In base 12, what is 17 + 5?
20
In base 10, what is 167 + 1?
168
In base 3, what is 120 - -1112?
2002
In base 10, what is 3 + -1116?
-1113
In base 2, what is 1000 + 100001?
101001
In base 9, what is 1 + -622?
-621
In base 5, what is 0 + 1001?
1001
In base 2, what is 10 - 11100010?
-11100000
In base 10, what is 2 + -43?
-41
In base 5, what is -21 + 10?
-11
In base 11, what is -2a + 6?
-24
In base 9, what is 2348 + -23?
2325
In base 14, what is 45 + 11?
56
In base 2, what is -11001 - -1100111?
1001110
In base 16, what is e - -108?
116
In base 15, what is -38 + e?
-29
In base 5, what is -1344 + 2?
-1342
In base 11, what is -692 + 7?
-686
In base 3, what is 12 + -100002?
-22220
In base 11, what is -3 + 1a6?
1a3
In base 14, what is 93 + 3?
96
In base 16, what is 19e - -3?
1a1
In base 12, what is -2 - -79?
77
In base 12, what is 4 + -24?
-20
In base 4, what is 1232 + -1011?
221
In base 16, what is -1b + 2?
-19
In base 3, what is -12 + -1112212?
-1120001
In base 6, what is -3 + -4?
-11
In base 8, what is 11 + 21?
32
In base 9, what is 3 + -38?
-35
In base 16, what is -8 - 8f?
-97
In base 5, what is -31014 + -2?
-31021
In base 13, what is 52c1 - 5?
52b9
In base 6, what is 2 - 50?
-44
In base 8, what is -60 + 62?
2
In base 11, what is -432 - -21?
-411
In base 14, what is -d + 161?
152
In base 5, what is -100 - 3213?
-3313
In base 4, what is 0 - 3111?
-3111
In base 12, what is -1 + 12?
11
In base 14, what is a2 + -48?
58
In base 16, what is 3b - -4?
3f
In base 14, what is 5 + d4?
d9
In base 2, what is -1001 + 10111001?
10110000
In base 13, what is 2 - -51?
53
In base 14, what is -a2 - 4?
-a6
In base 16, what is 3 + 286?
289
In base 9, what is 17 - 26?
-8
In base 13, what is -1c3 - 2?
-1c5
In base 10, what is 1 - -879?
880
In base 7, what is 1161 + 205?
1366
In base 12, what is 24 + 6?
2a
In base 6, what is 4 + -1025?
-1021
In base 11, what is -1 - -299?
298
In base 5, what is 4 - -4130?
4134
In base 10, what is -11 - 7?
-18
In base 10, what is 4 + 47?
51
In base 5, what is -12314 + 12?
-12302
In base 13, what is -2 + 1c?
1a
In base 5, what is -10221413 + 4?
-10221404
In base 12, what is 18858 + 0?
18858
In base 12, what is -5b + 7?
-54
In base 16, what is -66 - 5?
-6b
In base 5, what is -10 + 102440?
102430
In base 10, what is 115 + 3?
118
In base 14, what is 7 + -14?
-b
In base 16, what is -3e + -3?
-41
In base 10, what is 227 - 51?
176
In base